{"id":9016,"date":"2024-08-17T10:42:30","date_gmt":"2024-08-17T08:42:30","guid":{"rendered":"https:\/\/mathe-lernen.net\/?page_id=9016"},"modified":"2024-08-18T19:14:48","modified_gmt":"2024-08-18T17:14:48","slug":"fit-in-mathe-werden-oder-bleiben","status":"publish","type":"page","link":"https:\/\/mathe-lernen.net\/?page_id=9016","title":{"rendered":"Fit in Mathe &#8230; werden oder bleiben."},"content":{"rendered":"\n<p class=\"has-white-color has-primary-background-color has-text-color has-background has-link-color wp-elements-6c066c129479d765032958251c6516fe\">Einfach alles &#8230;<\/p>\n\n\n\n<p><strong>Kopfrechnen<\/strong>  (<a href=\"https:\/\/mathe-lernen.net\/?p=7366\" target=\"_blank\" rel=\"noreferrer noopener\">einfach <\/a>\/ <a href=\"https:\/\/mathe-lernen.net\/?p=7395\" target=\"_blank\" rel=\"noreferrer noopener\">komplex 1<\/a>, <a href=\"https:\/\/mathe-lernen.net\/?p=7605\" target=\"_blank\" rel=\"noreferrer noopener\">komplex 2<\/a>, <a href=\"https:\/\/mathe-lernen.net\/?p=4685\" target=\"_blank\" rel=\"noreferrer noopener\">komplex 3<\/a>, <a href=\"https:\/\/mathe-lernen.net\/?p=4660\" target=\"_blank\" rel=\"noreferrer noopener\">komplex 4<\/a>)<\/p>\n\n\n\n<p>Komplex &#8230; <a href=\"https:\/\/mathe-lernen.net\/?p=8446\" target=\"_blank\" rel=\"noreferrer noopener\">Pr\u00fcfungsfragen (wahr\/falsch)<\/a> &#8211; <a href=\"https:\/\/mathe-lernen.net\/?p=4243\" target=\"_blank\" rel=\"noreferrer noopener\">hilfsmittelfreie \u00dcbungen<\/a> &#8211;<\/p>\n\n\n\n<p class=\"has-white-color has-primary-background-color has-text-color has-background has-link-color wp-elements-939baee56556a403b48690fcffe831f3\">Grundrechnen<\/p>\n\n\n\n<p>Zahlen <strong>ordnen<\/strong> ( <a href=\"https:\/\/mathe-lernen.net\/?p=3121\" target=\"_blank\" rel=\"noreferrer noopener\">nat\u00fcrlich<\/a> &#8211; ohne Komma \/ <a href=\"https:\/\/mathe-lernen.net\/?p=8665\" target=\"_blank\" rel=\"noreferrer noopener\">dezimal 1 <\/a>&#8211; <a href=\"https:\/\/mathe-lernen.net\/?p=3166\" target=\"_blank\" rel=\"noreferrer noopener\">dezimal 2<\/a> &#8211; <a href=\"https:\/\/mathe-lernen.net\/?p=3136\" target=\"_blank\" rel=\"noreferrer noopener\">dezimal 3<\/a> &#8211; mit Komma \/ gemeine <a href=\"https:\/\/mathe-lernen.net\/?p=8658\" target=\"_blank\" rel=\"noreferrer noopener\">Br\u00fcche 1<\/a>, <a href=\"https:\/\/mathe-lernen.net\/?p=7625\" target=\"_blank\" rel=\"noreferrer noopener\">Br\u00fcche 2<\/a> )<\/p>\n\n\n\n<p><strong>Runden<\/strong> von Zahlen &#8211;<a href=\"https:\/\/mathe-lernen.net\/?p=5358\" target=\"_blank\" rel=\"noreferrer noopener\"> nat\u00fcrlich<\/a> &#8211; <a href=\"https:\/\/mathe-lernen.net\/?p=7233\" target=\"_blank\" rel=\"noreferrer noopener\">dezimal <\/a><\/p>\n\n\n\n<p><strong>Kopfrechnen<\/strong>  (<a href=\"https:\/\/mathe-lernen.net\/?p=7366\" target=\"_blank\" rel=\"noreferrer noopener\">einfach <\/a>\/ <a href=\"https:\/\/mathe-lernen.net\/?p=7395\" target=\"_blank\" rel=\"noreferrer noopener\">komplex 1<\/a>, <a href=\"https:\/\/mathe-lernen.net\/?p=7605\" target=\"_blank\" rel=\"noreferrer noopener\">komplex 2<\/a>, <a href=\"https:\/\/mathe-lernen.net\/?p=4685\" target=\"_blank\" rel=\"noreferrer noopener\">komplex 3<\/a>, <a href=\"https:\/\/mathe-lernen.net\/?p=4660\" target=\"_blank\" rel=\"noreferrer noopener\">komplex 4<\/a>)<\/p>\n\n\n\n<p><strong>Schriftlich<\/strong> rechnen &#8211; <a href=\"https:\/\/mathe-lernen.net\/?p=4488\" target=\"_blank\" rel=\"noreferrer noopener\"><strong>alle Arten<\/strong><\/a>  &#8211; <a href=\"https:\/\/mathe-lernen.net\/?p=359\" target=\"_blank\" rel=\"noreferrer noopener\">Addition\/Subtraktion<\/a> &#8211; <a href=\"https:\/\/mathe-lernen.net\/?p=7383\" target=\"_blank\" rel=\"noreferrer noopener\">Multiplikation <\/a>&#8211; Division <\/p>\n\n\n\n<p>Rechenregeln &#8211; <a href=\"https:\/\/mathe-lernen.net\/?p=8612\" target=\"_blank\" rel=\"noreferrer noopener\">Rechne geschickt<\/a><\/p>\n\n\n\n<p><strong>Teiler<\/strong> finden (<a href=\"https:\/\/mathe-lernen.net\/?p=1322\" target=\"_blank\" rel=\"noreferrer noopener\"> leicht<\/a>  \/ <a href=\"https:\/\/mathe-lernen.net\/?p=8631\" target=\"_blank\" rel=\"noreferrer noopener\">anspruchsvoll<\/a>)<\/p>\n\n\n\n<p>Bruchrechnung &#8211; <a href=\"https:\/\/mathe-lernen.net\/?p=5269\" target=\"_blank\" rel=\"noreferrer noopener\">gemein<\/a> &#8211; <a href=\"https:\/\/mathe-lernen.net\/?p=5275\" target=\"_blank\" rel=\"noreferrer noopener\">gemein\/dezimal<\/a> &#8211; <\/p>\n\n\n\n<p>rationale Zahlen &#8211; <a href=\"https:\/\/mathe-lernen.net\/?p=9089\" target=\"_blank\" rel=\"noreferrer noopener\">ganze Zahlen<\/a> &#8211; <a href=\"https:\/\/mathe-lernen.net\/?p=5297\" target=\"_blank\" rel=\"noreferrer noopener\">\u00dcbung 1<\/a>&#8211; <a href=\"https:\/\/mathe-lernen.net\/?p=326\" target=\"_blank\" rel=\"noreferrer noopener\">\u00dcbung 2<\/a><\/p>\n\n\n\n<p><a href=\"https:\/\/mathe-lernen.net\/?p=3176\" target=\"_blank\" rel=\"noreferrer noopener\">scientific Notation<\/a><\/p>\n\n\n\n<p class=\"has-white-color has-primary-background-color has-text-color has-background has-link-color wp-elements-18cb2eea3b1f14dfafedef0e72c4e94e\">Prozentrechnung<\/p>\n\n\n\n<p>Dreisatz &#8211; <a href=\"https:\/\/mathe-lernen.net\/?p=3721\" target=\"_blank\" rel=\"noreferrer noopener\">\u00dcbung<\/a><\/p>\n\n\n\n<p>Bequeme S\u00e4tze &#8211;<a href=\"https:\/\/mathe-lernen.net\/?p=3279\" target=\"_blank\" rel=\"noreferrer noopener\"> \u00dcbung<\/a> &#8211; <\/p>\n\n\n\n<p>Grundaufgaben G,W,p &#8211; <a href=\"https:\/\/mathe-lernen.net\/?p=3287\" target=\"_blank\" rel=\"noreferrer noopener\">Textaufgaben I<\/a> &#8211; <a href=\"https:\/\/mathe-lernen.net\/?p=3160\" target=\"_blank\" rel=\"noreferrer noopener\">Rabatte<\/a> &#8211; <a href=\"https:\/\/mathe-lernen.net\/?p=3158\" target=\"_blank\" rel=\"noreferrer noopener\">um\/auf<\/a> &#8211; <a href=\"https:\/\/mathe-lernen.net\/?p=1982\" target=\"_blank\" rel=\"noreferrer noopener\">Textaufgaben II<\/a><\/p>\n\n\n\n<p>Komplex &#8211;<a href=\"https:\/\/mathe-lernen.net\/?p=5326\" target=\"_blank\" rel=\"noreferrer noopener\"> Textaufgaben<\/a> &#8211; <a href=\"https:\/\/mathe-lernen.net\/?p=1979\" target=\"_blank\" rel=\"noreferrer noopener\">ver\u00e4nderter Grundwert<\/a> &#8211;<\/p>\n\n\n\n<p class=\"has-white-color has-primary-background-color has-text-color has-background has-link-color wp-elements-cc8c86b9f56074f67ae4bce1a07f4a20\">Terme und Gleichungen<\/p>\n\n\n\n<p><a href=\"https:\/\/mathe-lernen.net\/?p=8715\" target=\"_blank\" rel=\"noreferrer noopener\">Terme aufstellen<\/a><\/p>\n\n\n\n<p>Terme &#8211;<a href=\"https:\/\/mathe-lernen.net\/?p=5290\" target=\"_blank\" rel=\"noreferrer noopener\"> komplexe \u00dcbung<\/a> &#8211; <a href=\"https:\/\/mathe-lernen.net\/?p=2858\" target=\"_blank\" rel=\"noreferrer noopener\">Zusammenfassen<\/a> &#8211; <a href=\"https:\/\/mathe-lernen.net\/?p=2908\" target=\"_blank\" rel=\"noreferrer noopener\">Ausklammern<\/a> &#8211; <a href=\"https:\/\/mathe-lernen.net\/?p=2882\" target=\"_blank\" rel=\"noreferrer noopener\">Ausmultiplizieren<\/a><\/p>\n\n\n\n<p>Gleichungen &#8211; <a href=\"https:\/\/mathe-lernen.net\/?p=4663\" target=\"_blank\" rel=\"noreferrer noopener\">linear <\/a>&#8211; <a href=\"https:\/\/mathe-lernen.net\/?p=5303\" target=\"_blank\" rel=\"noreferrer noopener\">quadratisch<\/a><\/p>\n\n\n\n<p>Gleichungen aus Texten (<a href=\"https:\/\/mathe-lernen.net\/?p=8661\" target=\"_blank\" rel=\"noreferrer noopener\">linear <\/a>\/ quadratisch)<\/p>\n\n\n\n<p class=\"has-white-color has-primary-background-color has-text-color has-background has-link-color wp-elements-ceb8b97bd040a0acd37bc5fe535d0630\">Funktionen<\/p>\n\n\n\n<p>linear &#8211; <a href=\"https:\/\/mathe-lernen.net\/?p=5365\" target=\"_blank\" rel=\"noreferrer noopener\">Graphen erkennen<\/a> <\/p>\n\n\n\n<p>quadratisch &#8211; <a href=\"https:\/\/mathe-lernen.net\/?p=7272\" target=\"_blank\" rel=\"noreferrer noopener\">Scheitelpunkte<\/a> &#8211; <a href=\"https:\/\/mathe-lernen.net\/?p=4414\" target=\"_blank\" rel=\"noreferrer noopener\">Scheitelpunkte 2<\/a> &#8211;<\/p>\n\n\n\n<p><a href=\"https:\/\/mathe-lernen.net\/?p=1357\" target=\"_blank\" rel=\"noreferrer noopener\">Potenzfunktion<\/a><\/p>\n\n\n\n<p class=\"has-white-color has-primary-background-color has-text-color has-background has-link-color wp-elements-e0e77ece31b2c860f03f7ae38eb7ec4f\">Geometrie &#8211; Grundwissen<\/p>\n\n\n\n<p>Einheiten umwandeln &#8211; L\u00e4nge(<a href=\"https:\/\/mathe-lernen.net\/?p=4715\" target=\"_blank\" rel=\"noreferrer noopener\">nat.<\/a>\/<a href=\"https:\/\/mathe-lernen.net\/?p=4692\" target=\"_blank\" rel=\"noreferrer noopener\">dez.<\/a>) &#8211; Fl\u00e4che (<a href=\"https:\/\/mathe-lernen.net\/?p=4719\" target=\"_blank\" rel=\"noreferrer noopener\">nat.<\/a>\/<a href=\"https:\/\/mathe-lernen.net\/?p=4698\" target=\"_blank\" rel=\"noreferrer noopener\">dez.<\/a>) &#8211; <a href=\"https:\/\/mathe-lernen.net\/?p=3153\" target=\"_blank\" rel=\"noreferrer noopener\">Volumen<\/a> &#8211;<a href=\"https:\/\/mathe-lernen.net\/?p=4713\" target=\"_blank\" rel=\"noreferrer noopener\"> Masse<\/a> &#8211; <a href=\"https:\/\/mathe-lernen.net\/?p=4708\" target=\"_blank\" rel=\"noreferrer noopener\">Zeit <\/a><\/p>\n\n\n\n<p>Winkel &#8211;<a href=\"https:\/\/mathe-lernen.net\/?p=5618\" target=\"_blank\" rel=\"noreferrer noopener\">Sch\u00e4tzen<\/a> &#8211; <a href=\"https:\/\/mathe-lernen.net\/?p=7231\" target=\"_blank\" rel=\"noreferrer noopener\">Zeichnen<\/a> &#8211; <a href=\"https:\/\/mathe-lernen.net\/?p=7403\" target=\"_blank\" rel=\"noreferrer noopener\">Winkelbeziehungen\/S\u00e4tze<\/a><\/p>\n\n\n\n<p class=\"has-white-color has-primary-background-color has-text-color has-background has-link-color wp-elements-4acb9e7ebedc35da8c0c6492e6bca94c\">Fl\u00e4chen<\/p>\n\n\n\n<p><a href=\"https:\/\/mathe-lernen.net\/?p=8435\" target=\"_blank\" rel=\"noreferrer noopener\">Dreiecke und Vierecke (wahr\/falsch)<\/a><\/p>\n\n\n\n<p><strong>Dreieck<\/strong> (<a href=\"https:\/\/mathe-lernen.net\/?p=8344\" target=\"_blank\" rel=\"noreferrer noopener\">Innenwinkelsumme<\/a>) &#8211; <a href=\"https:\/\/mathe-lernen.net\/?p=4354\" target=\"_blank\" rel=\"noreferrer noopener\">Eigenschaften<\/a> &#8211;<\/p>\n\n\n\n<p><a href=\"https:\/\/mathe-lernen.net\/?p=8877\" target=\"_blank\" rel=\"noreferrer noopener\">Das rechtwinklige Dreieck<\/a><\/p>\n\n\n\n<p><a href=\"https:\/\/mathe-lernen.net\/?p=6935\" target=\"_blank\" rel=\"noreferrer noopener\">Trigonometrie <\/a>(Sinussatz\/Kosinussatz)<\/p>\n\n\n\n<p><strong>Vierecke<\/strong> &#8211;<a href=\"https:\/\/mathe-lernen.net\/?p=1212\" target=\"_blank\" rel=\"noreferrer noopener\">Arten<\/a> &#8211;  <a href=\"https:\/\/mathe-lernen.net\/?p=7973\" target=\"_blank\" rel=\"noreferrer noopener\">Fl\u00e4chen komplex<\/a> &#8211; <a href=\"https:\/\/mathe-lernen.net\/?p=5333\" target=\"_blank\" rel=\"noreferrer noopener\">Rechtecke Textaufg.<\/a><\/p>\n\n\n\n<p><strong>Vielecke<\/strong> &#8211; <a href=\"https:\/\/mathe-lernen.net\/?p=7957\" target=\"_blank\" rel=\"noreferrer noopener\">zusammengesetzte Fl\u00e4chen <\/a><\/p>\n\n\n\n<p>Kreis &#8211; <a href=\"https:\/\/mathe-lernen.net\/?p=4496\" target=\"_blank\" rel=\"noreferrer noopener\">Textaufgaben (u,A,R\u00fcckschluss)<\/a><\/p>\n\n\n\n<p class=\"has-white-color has-primary-background-color has-text-color has-background has-link-color wp-elements-d1af136091cd70c69594d6f42de3b5aa\">K\u00f6rper<\/p>\n\n\n\n<p>Prisma &#8211; <a href=\"https:\/\/mathe-lernen.net\/?p=2824\" target=\"_blank\" rel=\"noreferrer noopener\">Volumen<\/a><\/p>\n\n\n\n<p>zusammengesetzte K\u00f6rper &#8211; <a href=\"https:\/\/mathe-lernen.net\/?p=4298\" target=\"_blank\" rel=\"noreferrer noopener\">\u00dcbung 1<\/a> &#8211; <a href=\"https:\/\/mathe-lernen.net\/?p=2686\" target=\"_blank\" rel=\"noreferrer noopener\">\u00dcbung 2<\/a> &#8211; <\/p>\n\n\n\n<p>R\u00fcckschlussrechnungen &#8211; <a href=\"https:\/\/mathe-lernen.net\/?p=4197\" target=\"_blank\" rel=\"noreferrer noopener\">Formeln umstellen<\/a><\/p>\n\n\n\n<p class=\"has-white-color has-primary-background-color has-text-color has-background has-link-color wp-elements-6becee04c935515bc53f960a6ab87007\">Statistik &#8211; Zufall &#8211; Wahrscheinlichkeit<\/p>\n\n\n\n<p><a href=\"https:\/\/mathe-lernen.net\/?p=4555\" target=\"_blank\" rel=\"noreferrer noopener\">H\u00e4ufigkeiten<\/a><\/p>\n\n\n\n<p>Kennwerte von Datenreihen (<a href=\"https:\/\/mathe-lernen.net\/?p=5615\" target=\"_blank\" rel=\"noreferrer noopener\">\u00dcbung 1<\/a>, <a href=\"https:\/\/mathe-lernen.net\/?p=4553\" target=\"_blank\" rel=\"noreferrer noopener\">\u00dcbung 2<\/a>)<\/p>\n\n\n\n<p><a href=\"https:\/\/mathe-lernen.net\/?p=2720\" target=\"_blank\" rel=\"noreferrer noopener\">Sicher, m\u00f6glich oder unm\u00f6glich?<\/a><\/p>\n<div class=\"pvc_clear\"><\/div><p id=\"pvc_stats_9016\" class=\"pvc_stats all  \" data-element-id=\"9016\" style=\"\"><i class=\"pvc-stats-icon small\" aria-hidden=\"true\"><svg aria-hidden=\"true\" focusable=\"false\" data-prefix=\"far\" data-icon=\"chart-bar\" role=\"img\" xmlns=\"http:\/\/www.w3.org\/2000\/svg\" viewBox=\"0 0 512 512\" class=\"svg-inline--fa fa-chart-bar fa-w-16 fa-2x\"><path fill=\"currentColor\" d=\"M396.8 352h22.4c6.4 0 12.8-6.4 12.8-12.8V108.8c0-6.4-6.4-12.8-12.8-12.8h-22.4c-6.4 0-12.8 6.4-12.8 12.8v230.4c0 6.4 6.4 12.8 12.8 12.8zm-192 0h22.4c6.4 0 12.8-6.4 12.8-12.8V140.8c0-6.4-6.4-12.8-12.8-12.8h-22.4c-6.4 0-12.8 6.4-12.8 12.8v198.4c0 6.4 6.4 12.8 12.8 12.8zm96 0h22.4c6.4 0 12.8-6.4 12.8-12.8V204.8c0-6.4-6.4-12.8-12.8-12.8h-22.4c-6.4 0-12.8 6.4-12.8 12.8v134.4c0 6.4 6.4 12.8 12.8 12.8zM496 400H48V80c0-8.84-7.16-16-16-16H16C7.16 64 0 71.16 0 80v336c0 17.67 14.33 32 32 32h464c8.84 0 16-7.16 16-16v-16c0-8.84-7.16-16-16-16zm-387.2-48h22.4c6.4 0 12.8-6.4 12.8-12.8v-70.4c0-6.4-6.4-12.8-12.8-12.8h-22.4c-6.4 0-12.8 6.4-12.8 12.8v70.4c0 6.4 6.4 12.8 12.8 12.8z\" class=\"\"><\/path><\/svg><\/i> <img loading=\"lazy\" decoding=\"async\" width=\"16\" height=\"16\" alt=\"Loading\" src=\"https:\/\/mathe-lernen.net\/wp-content\/plugins\/page-views-count\/ajax-loader-2x.gif\" border=0 \/><\/p><div class=\"pvc_clear\"><\/div> ","protected":false},"excerpt":{"rendered":"<p>Einfach alles &#8230; Kopfrechnen (einfach \/ komplex 1, komplex 2, komplex 3, komplex 4) Komplex &#8230; Pr\u00fcfungsfragen (wahr\/falsch) &#8211; hilfsmittelfreie \u00dcbungen &#8211; Grundrechnen Zahlen ordnen ( nat\u00fcrlich &#8211; ohne Komma \/ dezimal 1 &#8211; dezimal 2 &#8211; dezimal 3 &#8211; mit Komma \/ gemeine Br\u00fcche 1, Br\u00fcche 2 ) Runden von Zahlen &#8211; nat\u00fcrlich &#8211; dezimal Kopfrechnen (einfach \/ komplex<\/p>\n<div class=\"pvc_clear\"><\/div>\n<p id=\"pvc_stats_9016\" class=\"pvc_stats all  \" data-element-id=\"9016\" style=\"\"><i class=\"pvc-stats-icon small\" aria-hidden=\"true\"><svg aria-hidden=\"true\" focusable=\"false\" data-prefix=\"far\" data-icon=\"chart-bar\" role=\"img\" xmlns=\"http:\/\/www.w3.org\/2000\/svg\" viewBox=\"0 0 512 512\" class=\"svg-inline--fa fa-chart-bar fa-w-16 fa-2x\"><path fill=\"currentColor\" d=\"M396.8 352h22.4c6.4 0 12.8-6.4 12.8-12.8V108.8c0-6.4-6.4-12.8-12.8-12.8h-22.4c-6.4 0-12.8 6.4-12.8 12.8v230.4c0 6.4 6.4 12.8 12.8 12.8zm-192 0h22.4c6.4 0 12.8-6.4 12.8-12.8V140.8c0-6.4-6.4-12.8-12.8-12.8h-22.4c-6.4 0-12.8 6.4-12.8 12.8v198.4c0 6.4 6.4 12.8 12.8 12.8zm96 0h22.4c6.4 0 12.8-6.4 12.8-12.8V204.8c0-6.4-6.4-12.8-12.8-12.8h-22.4c-6.4 0-12.8 6.4-12.8 12.8v134.4c0 6.4 6.4 12.8 12.8 12.8zM496 400H48V80c0-8.84-7.16-16-16-16H16C7.16 64 0 71.16 0 80v336c0 17.67 14.33 32 32 32h464c8.84 0 16-7.16 16-16v-16c0-8.84-7.16-16-16-16zm-387.2-48h22.4c6.4 0 12.8-6.4 12.8-12.8v-70.4c0-6.4-6.4-12.8-12.8-12.8h-22.4c-6.4 0-12.8 6.4-12.8 12.8v70.4c0 6.4 6.4 12.8 12.8 12.8z\" class=\"\"><\/path><\/svg><\/i> <img loading=\"lazy\" decoding=\"async\" width=\"16\" height=\"16\" alt=\"Loading\" src=\"https:\/\/mathe-lernen.net\/wp-content\/plugins\/page-views-count\/ajax-loader-2x.gif\" border=0 \/><\/p>\n<div class=\"pvc_clear\"><\/div>\n","protected":false},"author":1,"featured_media":0,"parent":0,"menu_order":0,"comment_status":"closed","ping_status":"closed","template":"","meta":{"footnotes":""},"class_list":["post-9016","page","type-page","status-publish","hentry"],"a3_pvc":{"activated":true,"total_views":672,"today_views":0},"_links":{"self":[{"href":"https:\/\/mathe-lernen.net\/index.php?rest_route=\/wp\/v2\/pages\/9016","targetHints":{"allow":["GET"]}}],"collection":[{"href":"https:\/\/mathe-lernen.net\/index.php?rest_route=\/wp\/v2\/pages"}],"about":[{"href":"https:\/\/mathe-lernen.net\/index.php?rest_route=\/wp\/v2\/types\/page"}],"author":[{"embeddable":true,"href":"https:\/\/mathe-lernen.net\/index.php?rest_route=\/wp\/v2\/users\/1"}],"replies":[{"embeddable":true,"href":"https:\/\/mathe-lernen.net\/index.php?rest_route=%2Fwp%2Fv2%2Fcomments&post=9016"}],"version-history":[{"count":7,"href":"https:\/\/mathe-lernen.net\/index.php?rest_route=\/wp\/v2\/pages\/9016\/revisions"}],"predecessor-version":[{"id":9091,"href":"https:\/\/mathe-lernen.net\/index.php?rest_route=\/wp\/v2\/pages\/9016\/revisions\/9091"}],"wp:attachment":[{"href":"https:\/\/mathe-lernen.net\/index.php?rest_route=%2Fwp%2Fv2%2Fmedia&parent=9016"}],"curies":[{"name":"wp","href":"https:\/\/api.w.org\/{rel}","templated":true}]}}